 b is divided by o(-1).
23
Let x(i) = -3*i - 1. Let a be x(5). Let g be a - (-3 - (3 + -4)). Let v = 0 - g. What is the remainder when 40 is divided by v?
12
Suppose -5*n + b + 140 = -57, 5*n - 193 = -b. What is the remainder when n is divided by 8?
7
Let j = -13 - -69. Suppose -h = -0*h - 19. Calculate the remainder when j is divided by h.
18
Suppose -d - 5*b = 9, -3*d + 4*b + 30 = -38. Let s be (3 + d/(-6))*18. Let q(m) = -m**2 + 7*m + 6. What is the remainder when q(s) is divided by 7?
5
What is the remainder when (-1)/(-3 + (-440)/(-148)) is divided by 10?
7
Let z be (-2 + 6/4)*-4. Suppose 2*b + 78 = z*k, k - 5*b - 159 = -3*k. Calculate the remainder when k is divided by 13.
10
Let l(x) = -x**3 + 4*x**2 - 2*x + 6. Let g be l(4). Calculate the remainder when 52 is divided by 2 + g - (-1 + -17).
16
Let b(g) = -g**2 - 7*g. Suppose 33 = -5*z + m, 0*m = -4*z - 4*m - 36. Let j be b(z). Suppose j*l - 100 = -2*l. Calculate the remainder when l is divided by 17.
16
Let s(k) = 6*k + 9. Let q be s(13). Suppose -2*h = -h - q. What is the remainder when h is divided by 22?
21
Suppose 0 = 2*p - 5*p. Suppose 3*l = -2*i - 0*i + 33, -4*i + 4*l + 16 = p. Calculate the remainder when 33 is divided by i.
6
Suppose -3*g = 2*c - 80, -c = 2*c + 2*g - 110. Suppose -2*i + c = 8. What is the remainder when 24 is divided by i?
11
Let v(j) = 3*j - 5*j + 3*j**2 - 2*j**2 + 1. Suppose 0*b + 3*b - 5*d = 34, 0 = -4*d + 4. What is the remainder when v(-4) is divided by b?
12
Let i(y) = -3*y - 3. Let d be i(-5). Suppose -5*a = -d - 48. Calculate the remainder when a is divided by 7.
5
Let w(u) = -3*u**3 - u - 3. Calculate the remainder when 68 is divided by w(-2).
22
Let u(q) be the second derivative of -q**4/12 + 4*q**3/3 - 3*q**2 + 5*q. Calculate the remainder when 38 is divided by u(4).
8
Suppose 35 + 67 = 3*j. Calculate the remainder when j is divided by ((-3)/(-1))/(2/6).
7
Let v be ((-8)/(-3))/((-4)/(-18)). Let m(j) = -2*j - 6. Calculate the remainder when (v/9)/((-2)/(-27)) is divided by m(-8).
8
Suppose 95 = 4*s + 11. What is the remainder when 104 is divided by s?
20
Let l(v) = v**3 + 8*v**2 + 7*v + 3. Let n be (-58)/8 + 3/12. Let h be l(n). Calculate the remainder when 5 is divided by ((-4)/(-6))/(h/9).
1
Suppose 2*k = 5*w - 5, 0*w + 40 = 3*k + 2*w. Let u = 11 - 8. Let g = u - -3. What is the remainder when k is divided by g?
4
Let x = -15 + 55. Suppose 2*k - r + x = 7*k, 0 = r. What is the remainder when (1 + 1 - -23) + -2 is divided by k?
7
Suppose -40 = -6*v + 68. Calculate the remainder when 70 is divided by v.
16
Let b(u) = u + 16. Calculate the remainder when 31 is divided by b(-8).
7
Calculate the remainder when 16/(-56) + 363/21 is divided by 3.
2
Let k(u) = u**2 - 13*u - 3. Let r be k(14). Suppose 0 = 9*w - r*w + 46. What is the remainder when w is divided by 12?
11
Let u(h) = 4*h**2 - 4*h - 2. Calculate the remainder when 11 is divided by u(-1).
5
Suppose 5*k + 10 = 6*k. Calculate the remainder when 11 is divided by (12/k)/((-8)/(-20)).
2
Suppose 2*x - 95 - 51 = 0. Suppose -5 = 2*v - x. Calculate the remainder when v is divided by 9.
7
Let z(o) = o**3 - o**2 - o + 2. Let h be z(2). Let i = h + 1. Calculate the remainder when 8 is divided by i.
3
Suppose -4*q - w + 44 = 0, 0 = -3*w + 5*w - 8. Calculate the remainder when 78 is divided by q.
8
Suppose 16 = 4*h, -4*n + 196 + 112 = -h. Calculate the remainder when n is divided by 20.
18
Suppose -3*w = i - 148, 5*i + w + 0*w - 712 = 0. What is the remainder when i is divided by 18?
16
Let l(c) = 2*c. Let q = 1 - 0. Let g be l(q). Suppose 2*z + 3*z - 14 = g*j, j = -z. Calculate the remainder when 3 is divided by z.
1
Let u(k) = -k - 4. Let g be u(-6). Let j = 17 + g. Suppose 0 = 4*b - 29 - j. What is the remainder when 47 is divided by b?
11
Suppose -5*o = -0*o + 95. Let r = o - -52. What is the remainder when r is divided by 9?
6
Let m(j) = -2*j + 36. Calculate the remainder when m(-9) is divided by 11.
10
Let a = 78 - 64. Let v(c) = -2*c. Calculate the remainder when a is divided by v(-4).
6
Suppose 7 + 3 = 2*j. Suppose 9 = j*v - 31. Suppose 8 + v = 4*p. Calculate the remainder when p is divided by 3.
1
Let k = -26 + 31. Suppose 2*a + 60 = 4*a. Suppose -v + 2*i = -15, 0*i + i + a = 3*v. Calculate the remainder when v is divided by k.
4
Suppose -2*u + 1 = -1. Let r = u - -9. What is the remainder when 17 is divided by r?
7
Let l be (170 - 9/(-3))/1. Suppose 5*b = l + 162. What is the remainder when b is divided by 23?
21
Suppose 0*d = 2*d - 20. Suppose 3*v + 3 = -0*r - 3*r, -5*v - 29 = -3*r. What is the remainder when (v/(-5))/(2/45) is divided by d?
8
Let p(q) = -15*q**2 + 16*q**2 - 5*q + 4*q + 2 + q**3 - q. Calculate the remainder when 28 is divided by p(2).
8
What is the remainder when (-12)/(-10)*35/2 is divided by 11?
10
Suppose x - 2*x + 5*y = -15, -2*x + 30 = -5*y. Suppose 0*j + 2*j - 114 = 2*d, 2*j - 114 = d. What is the remainder when j is divided by x?
12
Calculate the remainder when (-2 + 22/8)*4 is divided by 1.
0
Suppose 3 + 9 = -2*x. Let t = 6 + x. Suppose a - 4*g - 16 = t, 6*g - 56 = -5*a + 2*g. What is the remainder when 35 is divided by a?
11
Let n(j) = -2*j**2 + 3*j - 3. Let y be n(3). Let d = y + 20. What is the remainder when 14 is divided by d?
6
Let c(m) = -m**2 - 11*m - 15. Calculate the remainder when 59 is divided by c(-6).
14
Let s(b) = -b**2 + 9*b + 3. Let f be s(9). Suppose f*k - 2 = 13. Let o = 2 - -1. What is the remainder when k is divided by o?
2
Suppose p - 7 = -4. Calculate the remainder when ((20 + -3)/(-1))/(-1) is divided by (-2)/((-2)/2)*p.
5
Suppose -f = 5*w - 3*f - 52, -w + 14 = -4*f. Let j = 39 - 20. Calculate the remainder when j is divided by w.
9
Let i = -83 - -125. Calculate the remainder when i is divided by 23.
19
Suppose -3*j = -j - 2. Let t be 20 - (0/j + 1). Let h = 34 - t. What is the remainder when 29 is divided by h?
14
Let t(r) = -r**2 + 7*r + 8. Suppose o - 2 = 0, 2*k + 0*o + 3*o = 22. Let g be t(k). Suppose w - 1 - 3 = g. Calculate the remainder when 11 is divided by w.
3
Let r = 50 + -25. Suppose -3*x + r = -80. What is the remainder when x is divided by 9?
8
Let m be 4 - (2 + (-1)/1). Let v be (-6)/(-21) - (-152)/7. Suppose v = m*c - 2*c. Calculate the remainder when 43 is divided by c.
21
Suppose -3*s - s - 40 = -5*j, 3*j - s - 17 = 0. Let v(g) = 3*g - 2. What is the remainder when 28 is divided by v(j)?
8
Let u(g) be the first derivative of -3*g**2/2 + 2*g + 4. What is the remainder when 61/2 - 2/(-4) is divided by u(-3)?
9
What is the remainder when 79 is divided by (-40)/(-15)*30/4?
19
Let o = -6 + 35. What is the remainder when o is divided by 8?
5
Let x(d) = 6*d + 1. What is the remainder when 105/(-2)*10/(-15) is divided by x(3)?
16
Calculate the remainder when 26 is divided by (-1 + -4 + -2)*-2.
12
Suppose -30 = -l + 5*q, -3*q = -6*l + l + 40. Suppose -2*k + l*d = 16, -k + 4*d - 9 - 5 = 0. What is the remainder when 2/(k - (-27)/(-14)) is divided by 10?
8
Suppose 2*u = 2*j + 36, -4*u + 0*j - 5*j + 27 = 0. Suppose -3*y + 72 = -3*h, 4*y + 3*h = h + 102. What is the remainder when y is divided by u?
12
Let t = -9 + 13. What is the remainder when (-51)/(-4) + 4/16 is divided by t?
1
Suppose -15 = 3*g + 102. Let k = g - -67. Calculate the remainder when k is divided by 10.
8
Let x(c) = 5*c - 4. What is the remainder when 29 is divided by x(2)?
5
Let x(f) = -f + 6. Let d be x(6). Suppose d = 3*c - 8*c + 50. Let g = -5 + 11. Calculate the remainder when c is divided by g.
4
Let y = -1 + 10. Suppose -4*w + 308 = 68. Suppose 2*p - w = -2*a, 2*a = -0*a - 6. Calculate the remainder when p is divided by y.
6
Let x = 4 - 2. Suppose 4*o - 3*z + 7 = 2*o, 0 = -o - x*z + 14. Let h = 1 - -2. Calculate the remainder when o is divided by h.
1
Suppose -o - 5*r + 7 = 0, -3*r = o + r - 7. Let u = 5 - 1. Let a(p) = 2*p**2 - 4*p + 4. Calculate the remainder when a(u) is divided by o.
6
Suppose 0 = 3*w - 2*j - 364, -4*j + 289 + 183 = 4*w. Let f = w + -203. Let m = -55 - f. What is the remainder when m is divided by 15?
13
What is the remainder when 35 is divided by 3/12*-2*-26?
9
Let q = 5 + -3. Calculate the remainder when q is divided by 2.
0
Let x = 2 - 23. Let g be 6/x - 46/(-14). Suppose -4*h = -g*w - 187, 0*h - 4*w - 135 = -3*h. What is the remainder when h i